72548
Convert 8695 (base 16) to base 11.
23981
-96ed2 (base 15) to base 7
-4034102
What is 3234446 (base 7) in base 14?
a4126
What is 1011011000111100011000 (base 2) in base 3?
12121200200102
Convert -51119 (base 12) to base 13.
-39090
110110000011000011000 (base 2) to base 12
714aa0
What is 228633 (base 13) in base 15?
112710
Convert 2a1637 (base 11) to base 12.
1a8415
What is -111021220120011 (base 3) in base 6?
-411225351
What is -49037 (base 11) in base 6?
-1302435
What is 13100200032 (base 4) in base 14?
377526
366414 (base 10) to base 8
1313516
Convert 2407b92 (base 12) to base 4.
122220113132
What is -6a7459 (base 12) in base 16?
-1a23c5
-2402065 (base 7) to base 2
-1001010000010011011
Convert -156809 (base 11) to base 16.
-3b613
What is -a3283 (base 15) in base 13?
-1513b3
What is -7751a8 (base 11) in base 14?
-2429c6
378ccc8 (base 13) to base 15
17c6b32
-5799 (base 10) to base 15
-1ab9
Convert 2c0770 (base 13) to base 16.
109480
-8aa37 (base 14) to base 5
-41234102
10000323241 (base 5) to base 16
952e38
Convert -9698 (base 16) to base 14.
-1009a
Convert 6101155 (base 8) to base 15.
21add8
1415352 (base 8) to base 7
3254330
What is -324481 (base 11) in base 3?
-222100000111
Convert 2112201012002 (base 3) to base 12.
5527a8
What is 334234443 (base 5) in base 14?
2a6638
What is 1637879 (base 12) in base 6?
241341433
What is 15421025 (base 8) in base 15?
4a1264
Convert 122022251 (base 6) to base 12.
947987
Convert -42513 (base 13) to base 6.
-2321123
What is -120510412 (base 6) in base 7?
-25243460
Convert -2021101202012 (base 3) to base 6.
-41522522
What is 771068 (base 11) in base 12?
4b4641
a0a776 (base 11) to base 9
3045657
What is 21520411 (base 7) in base 6?
103422144
323066 (base 7) to base 11
39332
Convert 3a5d4 (base 14) to base 2.
100011000111101110
-207611 (base 9) to base 8
-361461
Convert 10435420 (base 9) to base 16.
4cf293
Convert -10001110110000000111111 (base 2) to base 9.
-8718528
What is 205303354 (base 6) in base 9?
6722067
What is 111110211 (base 4) in base 14?
23b81
Convert -3030130 (base 8) to base 13.
-21c78a
-67922 (base 11) to base 8
-277744
-120101233 (base 5) to base 12
-226495
1211201000110 (base 3) to base 8
3566632
What is 6d9244 (base 14) in base 16?
393e4c
Convert -13c60 (base 14) to base 2.
-1011111110111100
Convert 422063 (base 8) to base 14.
39203
Convert 10100010001100010111111 (base 2) to base 8.
24214277
Convert -460cb4 (base 15) to base 6.
-155402011
What is -10266c3 (base 14) in base 2?
-11101000101010111110011
287bca (base 15) to base 7
22401151
525035 (base 12) to base 11
804489
Convert 65a93 (base 11) to base 14.
26cbb
-1022112201110 (base 3) to base 12
-298a70
Convert 34516105 (base 7) to base 15.
3eca9d
What is 9a1647 (base 12) in base 2?
1001010110000001010111
Convert -132664 (base 9) to base 11.
-55725
Convert -43455514 (base 6) to base 13.
-3660a9
What is -50425 (base 10) in base 11?
-34981
-130202310 (base 4) to base 15
-24996
Convert 15f5f (base 16) to base 2.
10101111101011111
What is -27256 (base 8) in base 15?
-381a
What is 2024210133 (base 5) in base 7?
50056260
-1ab235 (base 12) to base 16
-74189
24240513 (base 6) to base 8
2732675
Convert 321056 (base 7) to base 8.
154467
Convert 2331111313 (base 4) to base 11.
48a74a
Convert -1a9564 (base 13) to base 4.
-2211123203
What is -20212131 (base 5) in base 10?
-163416
What is -2503343 (base 7) in base 13?
-b2b8c
-1ab41 (base 12) to base 8
-115341
What is 591270 (base 12) in base 14?
29428c
1050542 (base 6) to base 4
31001132
Convert 2942672 (base 10) to base 12.
b9ab28
-2b980 (base 16) to base 11
-112178
-10334002 (base 5) to base 3
-11120021210
35516414 (base 7) to base 12
107961b
What is -752592 (base 13) in base 14?
-517258
What is 325414 (base 11) in base 14?
d74d7
a6232b (base 12) to base 16
27ed53
Convert -1530125 (base 6) to base 11.
-61253
Convert 1151735 (base 8) to base 2.
1001101001111011101
134455000 (base 6) to base 5
1200312322
What is -33401002 (base 6) in base 12?
-409162
2224031 (base 6) to base 9
181081
-1385454 (base 12) to base 3
-21100112021201
What is -1433030 (base 6) in base 8?
-240612
What is -394ca2 (base 13) in base 16?
-1515f4
121240113 (base 5) to base 4
2023132103
What is -25186c (base 15) in base 10?
-1777152
Convert -124424123 (base 5) to base 8.
-2302057
What is -100101100001111111 (base 2) in base 10?
-153727
What is -520337 (base 8) in base 16?
-2a0df
Convert ee8d4 (base 15) to base 16.
b90ef
What is 1813621 (base 10) in base 8?
6726165
-58a99 (base 14) to base 7
-1560052
244747 (base 8) to base 15
1a055
Convert -11101001100000101 (base 2) to base 8.
-351405
2102122111000 (base 3) to base 16
13b76b
-42333134 (base 5) to base 4
-1112301123
Convert -42a8944 (base 12) to base 10.
-12664132
What is -d2bc5 (base 15) in base 5?
-132330120
-132806 (base 9) to base 8
-235714
Convert 341232 (base 8) to base 3.
12212020101
What is -122212333 (base 4) in base 12?
-530a7
431356 (base 9) to base 15
511bc
Convert -10400200 (base 5) to base 6.
-1535443
What is -4030153 (base 6) in base 7?
-1422426
96da21 (base 14) to base 10
5108573
1213226 (base 8) to base 5
41132322
Convert 1ba2e7 (base 16) to base 3.
10102000110120
102220100121 (base 3) to base 2
111001001100011100
What is 11106305 (base 7) in base 15?
13e78e
14042546 (base 10) to base 8
65442662
What is -bcc641 (base 14) in base 10?
-6411217
Convert 30230020102 (base 4) to base 5.
1322421412
What is -54145300 (base 6) in base 11?
-9a3497
-203203213 (base 4) to base 10
-145639
What is -1112311223 (base 4) in base 2?
-1010110110101101011
33131023100 (base 4) to base 7
46303301
22121101201 (base 3) to base 11
106316
What is 224244 (base 10) in base 5?
24133434
-513665 (base 7) to base 15
-1b03b
What is -311202303 (base 4) in base 16?
-358b3
1011001010110011011 (base 2) to base 13
ca773
Convert -4731256 (base 10) to base 9.
-8811051
Convert -115996 (base 10) to base 14.
-303b6
Convert 2040812 (base 10) to base 16.
1f23ec
Convert 5103003 (base 6) to base 10.
241707
-a2006 (base 11) to base 10
-149078
Convert -332720 (base 11) to base 16.
-818af
Convert -202401411 (base 5) to base 15.
-1147a6
What is -42434314 (base 6) in base 9?
-2313311
Convert -11221102010200 (base 3) to base 10.
-2625957
What is -56326 (base 9) in base 16?
-9246
Convert 3d8136 (base 14) to base 11.
1229129
What is 100111010110101100 (base 2) in base 8?
472654
What is -4682 (base 13) in base 12?
-5898
-446c99 (base 16) to base 5
-2121443444
Convert -3402110 (base 6) to base 14.
-46734
-147600 (base 9) to base 15
-1bddc
What is -3d669f (base 16) in base 8?
-17263237
Convert 10111101011111101001110 (base 2) to base 16.
5ebf4e
-5a6699 (base 11) to base 9
-1723475
What is 1041331143 (base 5) in base 16?
22fbc1
Convert -366453 (base 15) to base 14.
-4ba91d
Convert 515508 (base 9) to base 4.
1022223020
Convert -7551312 (base 8) to base 7.
-23112223
ca0854 (base 13) to base 16
485d93
Convert -224629 (base 14) to base 11.
-726040
-322121300 (base 5) to base 14
-2770d0
22202222200 (base 3) to base 2
101010001011011100
What is -76939 (base 13) in base 8?
-643226
What is -1b7493b (base 13) in base 2?
-100010110010111000100110
Convert 22021011221121 (base 3) to base 14.
824cba
Convert b68a97 (base 12) to base 11.
1695547
1635431 (base 9) to base 6
31254131
Convert 1541002 (base 6) to base 15.
1be28
230031231 (base 4) to base 3
100012102110
-233101021230 (base 4) to base 3
-212022112021200
What is -100110011011100100 (base 2) in base 7?
-1223633
Convert 8415c (base 16) to base 14.
101244
Convert -13554502 (base 7) to base 5.
-311233044
What is 8983374 (base 10) in base 12?
3012866
45d6 (base 15) to base 4
3213222
8d37b (base 14) to base 13
c0593
What is 112463 (base 7) in base 4?
10322213
Convert 11311200 (base 5) to base 13.
383c3
What is -3273469 (base 11) in base 6?
-323035440
331655 (base 7) to base 13
206c9
What is -2055212 (base 6) in base 14?
-28b0c
Convert -5064145 (base 12) to base 7.
-242006630
What is -1361501 (base 8) in base 7?
-3164643
326026 (base 8) to base 10
109590
What is -50111452 (base 6) in base 12?
-57b588
What is 559504 (base 11) in base 12?
36b7a0
What is 867885 (base 10) in base 7?
10243164
What is -202022212021 (base 3) in base 9?
-668767
Convert -57139 (base 14) to base 5.
-2323212